-320) - 934/(-3180)) prime?
False
Suppose 5*p = 1 + 4. Suppose 0 = 2*d + p - 5. Is ((-209)/d)/((-18)/4 - -4) a composite number?
True
Suppose 5*m - 4*r = 18, -2*m - 5*r - 4 = 2. Let l(p) = -p**2 - 4*p + 7. Let d be l(m). Let x(g) = -93*g + 4. Is x(d) prime?
False
Suppose -2673073 = -5*a + 8*v, -32*v + 2138552 = 4*a - 28*v. Is a a composite number?
False
Let k(q) = -q**3 + 40*q**2 - 143*q - 31. Let y be k(36). Suppose 0 = -5*c + 5*r + 1710, y*r = -34*c + 36*c - 672. Is c prime?
False
Let r = -13164 + 99095. Is r a composite number?
False
Is (-347632)/(15 - 7)*(-5)/10 a composite number?
False
Suppose 4*y - 15 = -5*u, -3*y + 6 = -8*y + 2*u. Let m(h) = 3*h**2 - h. Let w be m(y). Suppose 14*c + w*c = 36862. Is c composite?
False
Let j be (32/(-3))/((-18)/108). Suppose 0 = -j*b + 72*b - 9112. Is b composite?
True
Let b = -3 - 15. Let q = -15 - b. Suppose -2*a - 5*k + 1201 = 0, -q*a + 2477 = a - 5*k. Is a prime?
True
Let w(i) = -65*i**3 + 16*i**2 + 84*i + 61. Is w(-6) a composite number?
False
Suppose 4*j - 86132 = -0*j. Suppose -6*g + 35893 = -g - n, 3*g - j = 2*n. Suppose 11*t = 8*t + g. Is t a composite number?
False
Let p = 138 - 142. Let n(o) = 423*o**2 - 2*o + 3. Is n(p) a prime number?
True
Let o be (7 + -9 - (-7)/3)*24. Let v(l) be the third derivative of 4*l**5/15 - l**4/3 + 7*l**3/6 + 17*l**2. Is v(o) prime?
True
Let d(g) = -49119*g - 1798. Is d(-16) a prime number?
False
Let c = 543667 + -179024. Is c a composite number?
False
Is (-7)/(13/(-26)*(-4)/(-8782)) a prime number?
False
Let b be (-56)/(-42)*(-21)/(-2). Suppose -7*w + b*w - 27713 = 0. Is w composite?
True
Suppose -18 = -3*a, -t - 4*a = -15760 - 13485. Is t prime?
True
Let t(g) = 5*g**2 - 54*g - 9. Let v be t(11). Suppose -5*k - 2128 = -3*q + v*q, 3*q + 4*k = 6479. Is q a prime number?
True
Let q = 345202 - 177593. Suppose -j = 4*j - 2*u - q, -5*u = -4*j + 134077. Is j prime?
False
Let y = -32121 + 54112. Is y a prime number?
True
Suppose -24 = -3*g + 4*o, 3*g - o = 55 - 40. Suppose g*u - 24813 = -5*r, 4*u + 0*u = -r + 24793. Is u prime?
True
Let t be 2938 + -8 + (-1 - (-2 - -2)). Suppose 0 = -b - 503 + t. Is b a prime number?
False
Suppose -43*g + 15816593 = 6172298 - 28738838. Is g prime?
False
Suppose t + 4*x - 32 = -3, 0 = -t + 3*x + 36. Let r = 125 - t. Suppose -4*v + 0*v + r = 0. Is v prime?
True
Suppose 72*k + 57*k = 6*k + 4455183. Is k a prime number?
False
Let f = -7551 + 14954. Is f prime?
False
Suppose -23 = -2*j - 11. Let q(l) = -4*l + 27. Let g be q(j). Suppose h - 205 = -4*z + 1148, -g*h = -15. Is z a prime number?
True
Let h be -6*1/(-4)*(-1000)/(-12). Suppose -136*u = -h*u - 93511. Is u a composite number?
False
Let b = 84377 - 49179. Is b prime?
False
Let z(q) be the first derivative of 4*q**3/3 - 12*q**2 - 7*q - 150. Is z(33) composite?
False
Let w(q) = -q**2 - 15*q - 23. Let u(r) = 7*r + 8. Let z be u(-3). Let g be w(z). Suppose g*t - 8*t + 5015 = 0. Is t composite?
True
Let f be (-10)/3*(4 + 3232/(-10)). Let c = 179 + f. Is c composite?
True
Let b(r) = -41 + 10*r + 12*r - 9*r. Let f(l) = 39*l + 88. Let u be f(-2). Is b(u) composite?
False
Suppose 0 = -3*l - 5*o + 289445, 11*l - o - 482455 = 6*l. Suppose 51*b - l = 41*b. Is b a composite number?
False
Let n(u) = -4*u + 1. Let y be n(-5). Let r = 25 - y. Suppose -r*i + 2923 + 25 = 0. Is i prime?
False
Let p be ((-20)/12)/((-1)/3). Let o be 7 - 1*15/p. Suppose 0*n + 3*n + 599 = o*d, d - 5*n = 154. Is d composite?
False
Suppose 8*i - 4*i + 3*p = -28, -3*i - 3*p - 18 = 0. Is 1 + i/(-5) + 4168 a prime number?
False
Suppose 1760*t - 1780*t = -2815100. Is t prime?
False
Suppose -5*j - 37353 = -2*q, 3*q + 2*j + 2*j = 56018. Is q a composite number?
True
Let p = 3 + -1. Let s be (123 - 128) + (-7)/(21/(-18)). Is p/((9 + -5)*s/2302) a prime number?
True
Let b = -45 + 49. Suppose -3*g = -2*g + b, 0 = -4*i + g + 12. Suppose -y - 4 = 0, 0*y = -i*f - 3*y + 278. Is f a prime number?
False
Let m = -371313 + 686416. Is m composite?
False
Let q(x) = 2*x + 68. Let n be q(-14). Is ((-89295)/(-10))/(5/(n/12)) a composite number?
False
Suppose 0 = -17*q + 573553 + 242162 - 85072. Is q prime?
True
Let o(i) = 42*i**2 + 6*i + 7. Let h = 88 + -83. Is o(h) a composite number?
False
Suppose 16*o = 678751 + 404913. Is o a composite number?
True
Let m(h) = 158*h**2 + 3*h + 2. Let p be m(3). Suppose -17*a + 15*a = -6. Suppose -284 + p = a*s. Is s a composite number?
False
Suppose -13*v + 9651 = -5663. Suppose 2*h - 39*m - v = -35*m, -h - m + 580 = 0. Is h prime?
False
Let y(l) = -46*l. Let w be y(0). Suppose w = -15*o - 124026 + 475911. Is o a prime number?
True
Let s be (-8)/2 + 476/7. Suppose -2*r - 60*t = -s*t - 13206, -4*t = -r + 6607. Is r a composite number?
False
Let p = 23 + 29. Let z = -50 + p. Suppose 4*q - 9*q + z*d + 1775 = 0, q - 3*d - 355 = 0. Is q prime?
False
Let u(k) = -k**3 + 6*k**2 + 8*k + 1. Let n be u(7). Suppose -h = p - n, 2*p + h = -0*p + 12. Let f = p + 9. Is f composite?
False
Is ((-154)/(-22))/(-5 - 965980/(-193195)) a prime number?
False
Let r(n) = 1644*n**2 + 43*n + 774. Is r(-25) a composite number?
False
Suppose 4*r + 11068 = 2*n, 0 = 2*r - 7*r - 5*n - 13835. Let d = 4761 + r. Is d a prime number?
False
Let s = -7731 + 108392. Is s composite?
True
Let h(c) = -54*c**2 + 2*c + 3. Let y(d) = -3 + d + 370*d**2 + 4 - 397*d**2. Let i(f) = 2*h(f) - 5*y(f). Is i(9) a composite number?
False
Let s = -183761 + 268304. Is s composite?
True
Let v(o) = 14*o - o**3 + 20 - 2*o + 0*o + 5*o - 15*o**2. Let c be v(-16). Suppose c*d = 805 + 375. Is d prime?
False
Let y(u) = 49*u**2 - 98*u + 177. Let t be y(48). Suppose -23*l = -t + 12896. Is l prime?
False
Let m(n) = 3*n**3 + 20*n**2 - 9*n + 20. Let f(a) = -5*a - 7*a**2 - 4 - 3 - a**3 + 3*a + 5*a. Let y(j) = 8*f(j) + 3*m(j). Is y(3) composite?
True
Let t be -1 + (6 - 4) - 1. Suppose -6*j - 11*j + 664445 = t. Is j a prime number?
False
Suppose -3*p + 3 = 0, 0 = i - 3*p - 9114 - 8611. Suppose 12*q - i = 5588. Is q composite?
True
Let v(k) = -198*k**3 - 8*k**2 - k + 156. Is v(-7) a composite number?
True
Suppose -276*z + 123462385 = 17*z - 83519554. Is z prime?
False
Suppose 5*h + 7056 = 2*w, -w - h = 2*h - 3550. Let x = 5405 - w. Is x a prime number?
True
Is (3/6)/((4 - -20)/7958352) prime?
True
Let k be (0 - (-6)/(-9)) + (-16899)/(-9). Let r = 2916 - k. Suppose 9*g - r - 1850 = 0. Is g a prime number?
False
Let f = 2304 - 1003. Suppose 2*h = 4*o + 2442, 3611 = 4*h - o - f. Suppose -2*q + 3*u + h = 4*u, 5*q - 3050 = 5*u. Is q composite?
False
Let c = 26722 + 5875. Is c composite?
True
Let x = -1833 - -2653. Let p(n) = 7*n**3 - 9*n**2 + 8*n + 6. Let g be p(6). Let m = g - x. Is m composite?
True
Let l(y) = -173*y - 24. Let i be l(3). Let g = 836 + i. Is g a composite number?
False
Is (-15)/5 - (5 - 594234) - (-7)/1 composite?
True
Let m(d) = 2*d + 47. Let a be m(-21). Let l(w) be the third derivative of w**6/60 + w**5/12 - 11*w**4/24 - w**3/6 + 3*w**2. Is l(a) composite?
True
Suppose -4*s + w - 40 = -7*s, 4 = -2*w. Suppose 18*f - 16 = s*f. Suppose 3*j = j + 2*n + 2712, 0 = f*j - n - 5439. Is j a composite number?
False
Let o = 63 + -60. Suppose 141 + o = -5*c + 2*w, -5*c = 4*w + 162. Is (2*5/c)/((-1)/174) composite?
True
Suppose -8*r - 18748 - 10468 = 0. Let b = r - -16167. Is b a prime number?
False
Let c(q) = 1. Let g(d) = -374*d + 18. Let y(b) = -10*c(b) + 2*g(b). Let z be y(4). Is 2/5 - (z/10 - -4) a prime number?
True
Let p(n) = 321*n**2 - 11*n + 1. Let z = -229 + 224. Is p(z) prime?
True
Suppose -g = -3*r - 6 + 67, 2*r = 4*g + 254. Is (-21886)/(-42) + g/672 composite?
False
Let d = -5 + 7. Suppose 2720 - 2720 = 3*i. Suppose -s + d*s - 389 = i. Is s a prime number?
True
Suppose 48 = h + 3*h. Suppose h*x - 26 = -2. Suppose -2*j - x*k - 3*k = -472, -3*j + 674 = -k. Is j a prime number?
False
Suppose c = 3*c - 3016. Let d be ((-106)/(-5))/(2/85). Suppose -c = -5*p + 3*z, 4*z - d = -3*p + 2*z. Is p prime?
False
Suppose h + 51941 = 4*m, -12974 = 2*m - 3*m + 4*h. Suppose 5*x = -4*v - 14938 + 79913, -x + v = -m. Is x composite?
True
Let h be (22/(-4) - -5)*(-47957 + -5). Suppose 0*y - 5*s - 31967 = -4*y, 0 = -3*y - 2*s + h. Is y a composite number?
False
Is (-6592796)/(-34) + 32/136 composite?
True
Suppose 0*z = -5*z + 5*j + 2475965, 2*z + 2*j - 990410 = 0. Is z a prime number?
Tru